e hundreds digit of 52707?
7
What is the hundreds digit of 7266142?
1
What is the thousands digit of 309971?
9
What is the thousands digit of 214750?
4
What is the units digit of 705467?
7
What is the ten thousands digit of 109748?
0
What is the tens digit of 3069539?
3
What is the tens digit of 3873293?
9
What is the tens digit of 790125?
2
What is the hundred thousands digit of 310984?
3
What is the ten thousands digit of 290954?
9
What is the units digit of 150581?
1
What is the hundreds digit of 5685002?
0
What is the ten millions digit of 23924254?
2
What is the thousands digit of 5651980?
1
What is the tens digit of 1590913?
1
What is the thousands digit of 1092881?
2
What is the ten millions digit of 10263539?
1
What is the units digit of 1118446?
6
What is the ten thousands digit of 1967671?
6
What is the thousands digit of 783417?
3
What is the hundreds digit of 34354?
3
What is the units digit of 110227?
7
What is the ten thousands digit of 218252?
1
What is the hundreds digit of 344666?
6
What is the units digit of 307704?
4
What is the hundreds digit of 735736?
7
What is the ten thousands digit of 7737699?
3
What is the hundred thousands digit of 199447?
1
What is the tens digit of 529440?
4
What is the millions digit of 7162726?
7
What is the tens digit of 764065?
6
What is the hundreds digit of 194730?
7
What is the hundred thousands digit of 12094972?
0
What is the thousands digit of 146604?
6
What is the units digit of 573778?
8
What is the hundred thousands digit of 322917?
3
What is the units digit of 8936054?
4
What is the tens digit of 604127?
2
What is the hundred thousands digit of 589374?
5
What is the hundreds digit of 151041?
0
What is the hundreds digit of 4343723?
7
What is the units digit of 223435?
5
What is the units digit of 2745451?
1
What is the ten thousands digit of 740881?
4
What is the ten thousands digit of 3033026?
3
What is the hundred thousands digit of 2349183?
3
What is the ten thousands digit of 899899?
9
What is the thousands digit of 3542860?
2
What is the thousands digit of 431914?
1
What is the thousands digit of 1518621?
8
What is the units digit of 66178?
8
What is the tens digit of 1531842?
4
What is the units digit of 8274053?
3
What is the thousands digit of 3488210?
8
What is the hundreds digit of 10982428?
4
What is the millions digit of 5468620?
5
What is the tens digit of 1547973?
7
What is the tens digit of 5271258?
5
What is the units digit of 1724168?
8
What is the ten thousands digit of 27528?
2
What is the hundreds digit of 2406140?
1
What is the hundred thousands digit of 122705?
1
What is the hundreds digit of 6126615?
6
What is the thousands digit of 2502845?
2
What is the tens digit of 114669?
6
What is the hundred thousands digit of 580003?
5
What is the millions digit of 3633118?
3
What is the hundred thousands digit of 129691?
1
What is the units digit of 11275268?
8
What is the ten thousands digit of 454052?
5
What is the hundreds digit of 6347?
3
What is the tens digit of 634181?
8
What is the thousands digit of 2916001?
6
What is the millions digit of 4411279?
4
What is the units digit of 4855054?
4
What is the units digit of 29823418?
8
What is the units digit of 105799?
9
What is the hundreds digit of 10460655?
6
What is the ten thousands digit of 1548087?
4
What is the hundreds digit of 718982?
9
What is the ten thousands digit of 548274?
4
What is the millions digit of 1391917?
1
What is the hundreds digit of 3106935?
9
What is the thousands digit of 51697?
1
What is the tens digit of 2175?
7
What is the tens digit of 216186?
8
What is the hundred thousands digit of 204467?
2
What is the tens digit of 636001?
0
What is the hundreds digit of 329352?
3
What is the hundred thousands digit of 6486720?
4
What is the units digit of 2844025?
5
What is the units digit of 719904?
4
What is the ten thousands digit of 12582263?
8
What is the thousands digit of 348385?
8
What is the thousands digit of 511912?
1
What is the thousands digit of 6102202?
2
What is the thousands digit of 20598?
0
What is the hundreds digit of 3690811?
8
What is the ten thousands digit of 48639?
4
What is the units digit of 10566798?
8
What is the ten thousands digit of 9238247?
3
What is the hundreds digit of 114292?
2
What is the ten thousands digit of 2590126?
9
What is the tens digit of 60607?
0
What is the units digit of 6000492?
2
What is the thousands digit of 533097?
3
What is the hundreds digit of 159140?
1
What is the hundred thousands digit of 15314798?
3
What is the hundred thousands digit of 20702420?
7
What is the tens digit of 61045?
4
What is the tens digit of 343878?
7
What is the hundreds digit of 818216?
2
What is the ten thousands digit of 4238071?
3
What is the tens digit of 100557?
5
What is the thousands digit of 191782?
1
What is the hundred thousands digit of 229218?
2
What is the ten thousands digit of 3698724?
9
What is the tens digit of 223401?
0
What is the tens digit of 119693?
9
What is the millions digit of 1031078?
1
What is the units digit of 6721877?
7
What is the hundreds digit of 226980?
9
What is the thousands digit of 2202640?
2
What is the tens digit of 101441?
4
What is the hundred thousands digit of 151386?
1
What is the hundreds digit of 410549?
5
What is the ten thousands digit of 489968?
8
What is the hundred thousands digit of 13565589?
5
What is the thousands digit of 8078419?
8
What is the units digit of 3217224?
4
What is the thousands digit of 1965357?
5
What is the units digit of 184713?
3
What is the tens digit of 3038627?
2
What is the hundreds digit of 711031?
0
What is the millions digit of 6239478?
6
What is the ten thousands digit of 6166254?
6
What is the tens digit of 224105?
0
What is the hundreds digit of 2323158?
1
What is the millions digit of 13590105?
3
What is the thousands digit of 817680?
7
What is the tens digit of 618729?
2
What is the units digit of 5097601?
1
What is the millions digit of 1457246?
1
What is the ten millions digit of 18675429?
1
What is the tens digit of 81808?
0
What is the hundred thousands digit of 272592?
2
What is the millions digit of 10786494?
0
What is the hundreds digit of 20015678?
6
What is the tens digit of 962770?
7
What is the tens digit of 919396?
9
What is the tens digit of 1127596?
9
What is the units digit of 98293?
3
What is the ten thousands digit of 1527650?
2
What is the hundred thousands digit of 396149?
3
What is the tens digit of 2126509?
0
What is the ten thousands digit of 10114788?
1
What is the hundred thousands digit of 2372847?
3
What is the ten thousands digit of 81801?
8
What is the hundreds digit of 69965?
9
What is the hundred thousands digit of 526396?
5
What is the hundred thousands digit of 39561823?
5
What is the tens digit of 24743?
4
What is the millions digit of 2198396?
2
What is the hundreds digit of 2684871?
8
What is the tens digit of 705422?
2
What is the ten thousands digit of 142851?
4
What is the thousands digit of 474583?
4
What is the ten thousands digit of 16953871?
5
What is the hundred thousands digit of 16517185?
5
What is the hundred thousands digit of 4498382?
4
What is the units digit of 4168642?
2
What is the hundred thousands digit of 212000?
2
What is the thousands digit of 243171?
3
What is the tens digit of 775804?
0
What is the units digit of 342342?
2
What is the units digit of 7993255?
5
What is the millions digit of 9278522?
9
What is the ten thousands digit of 1589824?
8
What is the hundred thousands digit of 520850?
5
What is the thousands digit of 15004167?
4
What is the tens digit of 12041945?
4
What is the units digit of 2492744?
4
What is the ten thousands digit of 5000571?
0
What is the thousands digit of 363784?
3
What is the ten thousands digit of 245183?
4
What is the units digit of 1393082?
2
What is the hundred thousands digit of 31321333?
3
What is the units digit of 8145?
5
What is the thousands digit of 126508?
6
What is the hundred thousands digit of 537372?
5
What is the units digit of 859223?
3
What is the hundreds digit of 3822740?
7
What is the ten thousands digit of 803787?
0
What is the thousands digit of 909464?
9
What is the ten thousands digit of 2415959?
1
What is the millions digit of 12137967?
2
What is the tens digit